5, 17
What are the prime factors of (-38)/5*10160/32*-1?
19, 127
Suppose -f + k - 4812 = -5*f, -5*k = 0. What are the prime factors of f?
3, 401
Let d(y) = -2*y - 22. Let v be d(-11). Suppose -8*x + 320 - 104 = v. What are the prime factors of x?
3
Suppose -20*s = -25*s - 75. List the prime factors of (-2495)/(-25) - 3/s.
2, 5
Let i = -38 + 40. Suppose -140 = -i*a - 10. List the prime factors of a.
5, 13
Let q(t) be the first derivative of -t**4/4 - 14*t**3/3 + 5*t**2 + 41*t + 42. What are the prime factors of q(-15)?
2, 29
Let n(u) be the first derivative of -u**4/12 + u**3/2 + 7*u**2/2 + 5. Let o(s) be the second derivative of n(s). What are the prime factors of o(-6)?
3, 5
Suppose 3*w - 2 = w. Suppose -4*d + 19 = 3*v + d, 2*v = -d + w. What are the prime factors of (-31)/3*-3 - v?
3, 11
Let v(l) = l**3 - 8*l**2 - 4*l + 3. Let r be v(4). Let c = r - -320. What are the prime factors of c/6 - (-2)/4?
41
Let k = -1131 + 787. List the prime factors of k*-2*(-5)/(-20).
2, 43
Let q(y) = 22*y + 25. Suppose -13*s + 2*s = -55. List the prime factors of q(s).
3, 5
Let z be 1 - (-10)/(3 - -2). Suppose 0 = -4*a - 20, -2*p - z*a - 7 = -0*a. Suppose 8*n = p*n + 164. What are the prime factors of n?
41
Let f = -872 - -1476. List the prime factors of f.
2, 151
Suppose -6*l + 3*b = -2*l - 422, -4*l = -b - 426. List the prime factors of l/1 + 1/(-2)*-4.
109
List the prime factors of 352 - 32/(-8) - -8.
2, 7, 13
Let f be (-5)/(147/(-54) - 4/(-18)). Suppose -2*q = 4*i + f*q - 788, -4*i = -q - 803. What are the prime factors of i?
2, 5
Let f = 22 - 16. Suppose 92 = f*y - 16. List the prime factors of y.
2, 3
Suppose -2*s = 7 - 13. Suppose -4*w = -s*f + 29, 4*f - 2 = -0*f - 2*w. Suppose 5*g = -f*r + 367, 3*g + 2*r = -g + 292. What are the prime factors of g?
71
Let j = 2040 - 1008. List the prime factors of j.
2, 3, 43
Let d(v) = 12*v - 1. Suppose 4*h + 16 = 0, 2*q - 3*h = h + 14. Let w be d(q). Let i = w - -18. List the prime factors of i.
5
Suppose 3*n = -2*n - 2*g - 2262, -3*g - 442 = n. Let m = 757 + n. List the prime factors of m.
3, 101
Let t be (4 - (-872)/(-12))*-3. Suppose 0 = -4*j + t - 6. What are the prime factors of j?
2, 5
Suppose 0 = -18*a + 20*a - 14. Suppose -6*y = -a*y + 17. Suppose u - 5*b + 8*b = y, 5*b = 5. List the prime factors of u.
2, 7
Suppose 3*z + 171 - 24 = 0. Let f = 98 + z. What are the prime factors of f?
7
Suppose 0*b - b + 3 = t, 0 = -5*t + 5*b + 25. Suppose m - t*g - 7 = 20, g - 42 = -m. What are the prime factors of m?
3, 13
Suppose 16*v - 12*v = -4. Let p = 4 + v. Suppose -p*q - 4*o + 3*o = -71, 0 = -4*q + 5*o + 101. What are the prime factors of q?
2, 3
Let z(c) = -388*c - 2. What are the prime factors of z(-1)?
2, 193
Suppose -12*m + 23870 = -22726. What are the prime factors of m?
11, 353
Suppose -2*s - j - 11 = -0*s, -2*j + 6 = 0. Let v = s - -15. Suppose 13*x = v*x + 60. List the prime factors of x.
2, 3
Suppose -2*p + i + 130 = 0, 0*p + 4*i - 65 = -p. Suppose 3*f = 3*h - 6, -f + 5*h + 2 = 20. Suppose 0 = 3*t + f - p. List the prime factors of t.
3, 7
Suppose 3 + 2 = -5*g + 4*o, 0 = g + 4*o - 23. Suppose 0*l - 3*l = 5*j - 214, 169 = g*l - 4*j. What are the prime factors of l?
3, 7
Let l(o) = 3*o**3 + 10*o**2 - 14*o - 3. List the prime factors of l(6).
3, 307
Suppose -5*c + 5*v = -30, -5*c + 4*v + 21 = -5. Let g be 1*(c + (1 - 1)). List the prime factors of 1*(15 - g) + 1.
2, 7
Suppose 4552 + 12168 = 10*w. List the prime factors of w.
2, 11, 19
Let k = -3 + 8. Let a = k - 0. What are the prime factors of a?
5
Let g = -17 + 21. Suppose 2*z - 1 = -g*m - 3, 4*z = -5*m + 5. List the prime factors of 30/(-2)*10/m.
2, 5
Let g(u) = -u**3 - 8*u**2 - u - 2. Let a be (-8)/4*(3 - -1). Let z be g(a). What are the prime factors of 2/(-6) + 74/z?
2, 3
Let w(j) = 324*j - 20. What are the prime factors of w(2)?
2, 157
Let b = -2430 + 4423. List the prime factors of b.
1993
Let i(r) = -5*r**2 + 48*r + 5. Let a(y) = 14*y**2 - 145*y - 15. Let v(h) = -3*a(h) - 8*i(h). What are the prime factors of v(14)?
3, 109
Suppose -4*i = 4*t + 72, -2*i + 0*i - 24 = -4*t. What are the prime factors of 664/i*2*-1?
83
Suppose 0*g + 5*g = 45. Let s(l) = -13*l + 4*l - l**2 - l**2 + 4*l**2 - g. What are the prime factors of s(9)?
2, 3
Suppose -5*o = -2*g + 29 - 10, -4*o + 4*g - 8 = 0. Let r(q) = -3*q**3 - 7*q**2 - 4*q + 11. What are the prime factors of r(o)?
3, 7, 11
Let t(f) = f - 3. Let j be t(5). Suppose -j*g = -m + 2*m - 13, -3*m - g + 34 = 0. Suppose -m*h + 120 = -7*h. What are the prime factors of h?
2, 3, 5
Let n be 6/33 - -13*3/(-33). What are the prime factors of 2*n*((-3)/2 + -1)?
5
Suppose 2*t = -2 - 12. Let x = t - -75. What are the prime factors of (x/(-14))/(2/(-14))?
2, 17
Let n(b) = 219*b + 229. List the prime factors of n(8).
7, 283
Suppose u = -3*u + 52. Let t = u + -9. Suppose -b - 16 = -i - 2*b, i - 31 = -t*b. List the prime factors of i.
11
Let u(b) = -b**3 + 21*b**2 - 13*b - 65. List the prime factors of u(19).
2, 5, 41
Suppose 0 = h - 3*t - 707, -4*h - 5*t + 363 = -2465. List the prime factors of h.
7, 101
Suppose 5*a = 4*a + 9. Let y = 43 - a. List the prime factors of y.
2, 17
Let p be (-10)/(-3) + 8/(-24). Suppose 0 = 2*w + p*d + 50, 0 = 3*w - 6*w + 3*d - 45. Let v = -14 - w. List the prime factors of v.
5
Let b = -1037 + 1566. List the prime factors of b.
23
Let r(g) = 100*g + 56. List the prime factors of r(8).
2, 107
Let j(o) = -o**3 - 7*o**2 + 28*o + 22. Let t be j(-11). Suppose 0 = 13*a - 14*a + t. List the prime factors of a.
2, 3, 11
Let v(m) = 0*m**2 - 29*m - m**2 - 161 + 173. List the prime factors of v(-10).
2, 101
Let j = 729 + -347. Suppose -8*v = -386 - j. What are the prime factors of v?
2, 3
Suppose 6*v + 10 = 928. Let q = 69 + v. What are the prime factors of q?
2, 3, 37
Let m(s) = s**3 - 4*s**2 - 9*s + 8. Let b = -23 + 17. Let d be 0 + -3 - (b - 3). List the prime factors of m(d).
2, 13
Suppose 12*i - 16*i = 656. Let v = i - -295. What are the prime factors of v?
131
Suppose 0 = 2*m - 36*p + 40*p - 1036, 2*m = 5*p + 1072. List the prime factors of m.
2, 263
Suppose -3*l + 5*l + 1974 = 4*f, 0 = -2*f - 3*l + 983. List the prime factors of f.
17, 29
Let f = -1602 - -2428. What are the prime factors of f?
2, 7, 59
Let r be (-2)/2 - -1 - -10. Let y(z) = z + 4. Let o be y(0). What are the prime factors of r/(-4)*(-16)/o?
2, 5
Let t(w) = -w**3 - 9*w**2 - 10*w - 8. Suppose -5 = 2*c + 11. Let r be t(c). Let z = r - 1. List the prime factors of z.
7
Let k = -71 - -203. Suppose 0 = -2*j - 0*j + k. What are the prime factors of j?
2, 3, 11
Suppose -3*c = 3*j - 9, -6 = -j - 3*c + 3. Suppose 2*x + x - 2*f = 456, j = -2*x + 4*f + 296. List the prime factors of x.
2, 7, 11
Let z = -3 + -3. Let j be (132/(-18))/((-4)/z). Let h = 4 - j. What are the prime factors of h?
3, 5
Let z = 225 - -524. What are the prime factors of z?
7, 107
Suppose 0 = 4*q + 5*u - 2789, 0*q - 3*u = -3*q + 2112. List the prime factors of q.
701
Suppose -4*m + 29 = 25. List the prime factors of m/((-15)/(-50))*(0 - -21).
2, 5, 7
Let r(v) = -v**2 - 4*v - 3. Let a be r(-5). Let h be 3/(10/a + 2). Let l(d) = 2*d**2 - 3*d + 2. List the prime factors of l(h).
2, 11
Suppose 0 = 4*z - 2*s - 10, -5*z = s - 10 + 1. Let x(j) = 2*j**3 - j**2 - 2*j - 1. Let l be x(z). Suppose 4*c - l*c = -102. What are the prime factors of c?
2, 17
Let s = 453 - 31. What are the prime factors of s?
2, 211
Let t(i) = i + 13. Let f be t(-17). What are the prime factors of 45 + (8/f - 1)?
2, 3, 7
Let i be 43/9 - 8/(-36). Suppose -i*t = -3*t - 108. List the prime factors of t.
2, 3
Let f(j) be the first derivative of 100*j**3 - j - 44. What are the prime factors of f(1)?
13, 23
Suppose 0*d = 2*d - x - 1182, -2*d = 4*x - 1202. What are the prime factors of d?
593
Let b be 44/7 + (-2)/7. Let s = b + 0. List the prime factors of (s - 0) + 1 + -3.
2
Let m = 206 - -204. List the prime factors of m.
2, 5, 41
Let s be (-1002)/12 - (-1)/(-2). Let j = s - -257. List the prime factors of j.
173
Let j(z) = -z**3 - 24*z**2 + 97*z + 52. What are the prime factors of j(-28)?
2, 59
Suppose -373 = -8*y + 67. List the prime factors of y.
5, 11
Let l be 66*(-11)/(-2) + -3. Suppose -5*p - 13 + 33 = 0, 0 = 4*h + 4*p - l. What are the prime factors of h?
2, 43
Suppose -2*a + 3076 = -5*o, -5*o + 23 = 3. List t